).
-168
Let z(m) = -9*m**2 + 10851*m - 82677. Calculate z(1198).
-15
Let j(k) = -k**3 + 21*k**2 + 535*k - 11579. Determine j(22).
-293
Let a(q) = q**3 - 102*q**2 + 203*q - 195. Calculate a(100).
105
Let b(w) = -3*w**3 + 94*w**2 + 301*w - 1043. Calculate b(34).
-57
Let d(a) = -2*a**2 - 6695*a + 5776. Determine d(0).
5776
Let x(w) = 201*w + 10527. Calculate x(-53).
-126
Let f(n) = -10*n**2 + 1139*n + 69666. Determine f(158).
-12
Let l(s) = -10*s**3 + 174*s**2 - 932*s + 1419. What is l(7)?
-9
Let h(w) = -48*w**2 + 8941*w - 2419. Give h(186).
-1
Let j(z) = 2*z**3 + 127*z**2 - 40*z + 1646. What is j(-64)?
110
Let c(x) = 32524*x + 162613. Give c(-5).
-7
Let u(r) = -r**3 + 20*r**2 + 76*r - 1066. What is u(23)?
-905
Let t(m) = -58*m - 5854. What is t(-100)?
-54
Let i(s) = 100072*s + 18813543. What is i(-188)?
7
Let w(o) = -o - 210. Calculate w(-85).
-125
Let p(i) = -i**3 - 36*i**2 + 444*i - 181. Give p(-44).
-4229
Let g(q) = q**3 + 14*q**2 - 1981*q - 27742. Determine g(-14).
-8
Let t(a) = -a**3 + 65*a**2 - 79*a + 858. Determine t(64).
-102
Let j(o) = -o**3 + 22*o**2 + 149*o + 278. Calculate j(28).
-254
Let u(f) = -48*f**2 + 111*f + 89. What is u(3)?
-10
Let a(w) = -4656*w - 735649. Determine a(-158).
-1
Let s(a) = 11*a**2 + 597*a - 6543. What is s(11)?
1355
Let i(u) = u**3 + 18*u**2 - 1684*u + 63. What is i(33)?
30
Let f(b) = 2*b**3 + 85*b**2 + 121*b - 468. What is f(-41)?
-386
Let x(c) = 900542*c + 9005439. Give x(-10).
19
Let k(u) = 141*u**2 - 742*u + 176. Give k(5).
-9
Let b(i) = 1179*i + 404267. What is b(-343)?
-130
Let a(o) = 182*o**2 + 718*o + 53. Determine a(-4).
93
Let i(n) = -3*n**3 + 2020*n**2 + 9491*n + 656. Determine i(678).
-22
Let f(r) = -3*r**2 + 8926*r - 686484. Calculate f(79).
-53
Let n(z) = 5771*z - 29947. Determine n(6).
4679
Let i(v) = -220*v + 9921. Give i(47).
-419
Let l(d) = d**3 - 26*d**2 + 392*d - 5977. Determine l(17).
-1914
Let c(z) = 3*z**3 + 20*z**2 - 29*z - 151. What is c(-5)?
119
Let b(t) = 25*t**2 + 73*t + 540. Give b(-7).
1254
Let y(h) = 13568*h + 5739259. Determine y(-423).
-5
Let c(n) = 12*n**2 + 60*n - 21. What is c(-16)?
2091
Let b(h) = -6*h**3 - 86*h**2 - 807*h + 98. Calculate b(-13).
9237
Let u(h) = -2194*h + 4033. Determine u(2).
-355
Let m(q) = -2929689*q - 32226585. Determine m(-11).
-6
Let c(t) = t**3 - 11*t**2 + 2274*t - 25144. What is c(11)?
-130
Let n(d) = 7*d**2 + 7433*d + 14843. Calculate n(-2).
5
Let b(y) = y**2 - 85*y - 18677. Determine b(-104).
979
Let z(s) = -171*s**2 + 7681*s + 610. Give z(45).
-20
Let a(p) = -p**3 - 347*p**2 + 525*p + 61597. What is a(-348)?
1
Let t(g) = -1560*g - 10783. Calculate t(-7).
137
Let f(z) = -16*z**2 - 1033*z - 148. What is f(-65)?
-603
Let f(b) = 12*b**2 - 4410*b - 22337. Calculate f(-5).
13
Let i(v) = -1164496*v - 16302941. Give i(-14).
3
Let i(p) = -24547*p + 97960. Determine i(4).
-228
Let m(z) = 1028*z - 61021. Give m(60).
659
Let a(o) = 344*o**3 - 6*o**2 - 382*o - 377. Determine a(-1).
-345
Let d(a) = -34*a**2 - 438*a + 48. What is d(-13)?
-4
Let t(q) = -q**3 + 6*q**2 + q - 61. Determine t(7).
-103
Let b(r) = -r**3 + 17*r**2 + 6877*r - 76352. Calculate b(11).
21
Let m(n) = -8*n**3 - 92*n**2 + 53*n + 68. Determine m(-12).
8
Let j(x) = -x - 30. Determine j(36).
-66
Let v(g) = -6650*g - 212822. Calculate v(-32).
-22
Let q(x) = 1295783*x - 23324098. Give q(18).
-4
Let x(a) = a**2 + 10132*a + 232540. Calculate x(-23).
33
Let r(k) = 53319*k - 959747. Determine r(18).
-5
Let u(x) = 219*x**2 + 10076*x + 87. Determine u(-46).
-5
Let a(p) = -p**3 - 10*p**2 - 2739*p + 29366. Give a(10).
-24
Let v(k) = 17230*k + 155071. Calculate v(-9).
1
Let c(m) = -5*m**2 + 41*m + 115. Calculate c(9).
79
Let s(x) = -x**2 + 3186*x - 341648. Calculate s(111).
-323
Let w(b) = -25*b**2 - 397*b + 951. Calculate w(-18).
-3
Let s(k) = -5*k**2 + 12043*k - 191408. Calculate s(16).
0
Let t(u) = -u**3 - 45*u**2 - 120*u - 21773. What is t(-51)?
-47
Let t(p) = -5*p**3 - 15*p**2 + 100*p - 9. Give t(5).
-509
Let r(d) = 3*d**2 - 491*d - 4708. Determine r(-9).
-46
Let t(b) = b**3 - 346*b**2 + 13026*b + 909. Give t(303).
0
Let i(l) = -114*l**2 - 1305*l - 2503. Give i(-9).
8
Let c(p) = -2*p**3 - 34*p**2 + 970*p + 67. What is c(-32)?
-253
Let d(j) = 68*j**2 - 1603*j + 9499. Give d(11).
94
Let f(j) = j**2 - 22873*j - 50. Calculate f(0).
-50
Let y(c) = c**2 + 7431*c + 288172. Calculate y(-39).
-116
Let s(o) = o**3 - 50*o**2 - 164*o + 10752. Calculate s(48).
-1728
Let n(a) = a**2 - 15702*a - 188623. What is n(-12)?
-55
Let t(y) = 117*y**2 - 2610*y - 10387. Calculate t(-4).
1925
Let r(i) = 95*i**2 - 789*i - 1577. What is r(-2)?
381
Let u(k) = -k**3 + 682*k**2 - 3405*k + 13537. Give u(677).
-3
Let f(a) = 307697*a + 5230858. Give f(-17).
9
Let t(s) = -6*s**2 + 885*s - 3922. Determine t(143).
-61
Let z(b) = -186036*b + 65856739. Determine z(354).
-5
Let v(c) = c**3 + 4*c**2 - 252*c + 447. Determine v(13).
44
Let o(u) = 28*u + 2048. Calculate o(-66).
200
Let x(h) = -11*h**2 + 890*h + 14041. Calculate x(94).
505
Let h(y) = 11*y**2 + 406*y - 550. Determine h(-38).
-94
Let t(q) = 9*q**2 - 18057*q - 145017. What is t(-8)?
15
Let t(z) = -9*z**2 - 19*z + 81. Determine t(3).
-57
Let v(g) = 416*g + 3038. Determine v(-9).
-706
Let p(n) = -12*n**3 + 8*n**2 + 110*n + 245. Give p(-4).
701
Let o(x) = -28*x**3 + 169*x**2 + 1074*x - 21. Determine o(-6).
5667
Let b(l) = 2125*l - 12471. What is b(6)?
279
Let a(r) = -2*r**2 + 375*r - 17502. Determine a(97).
55
Let g(r) = 3342*r + 1894886. Give g(-567).
-28
Let z(o) = -18*o**2 + 338*o - 233. Determine z(16).
567
Let j(w) = -w**3 - 25*w**2 - 13*w - 1100. What is j(-26)?
-86
Let s(v) = -48*v**3 + 8*v**2 - 3*v - 20. What is s(0)?
-20
Let i(j) = -52373*j + 366594. Determine i(7).
-17
Let s(t) = 1121*t**2 - 25*t - 25. What is s(-1)?
1121
Let o(h) = 3*h**2 + 150*h + 1880. Calculate o(-24).
8
Let j(g) = 13355*g - 681146. Give j(51).
-41
Let t(z) = -z**3 + 91*z**2 - 821*z - 4680. Calculate t(80).
40
Let u(f) = 2*f**3 - 22*f**2 - 3887*f - 652. Give u(50).
-2
Let f(k) = -23184*k**2 - 324574*k + 7. Determine f(-14).
-21
Let f(b) = 2*b**3 - 913*b**2 + 202*b + 115801. Calculate f(456).
-23
Let p(v) = -28*v**2 + 11133*v - 6746. Calculate p(397).
3
Let b(q) = -q**3 + 36*q**2 - 284*q + 128. Determine b(10).
-112
Let w(i) = -2*i**2 - 14*i + 1418. Give w(-37).
-802
Let w(a) = -2*a**2 + 115*a + 15539. Determine w(-66).
-763
Let y(n) = -3*n**2 + 234*n - 3110. Determine y(61).
1
Let g(o) = o**2 + 3201*o - 19117. Determine g(6).
125
Let y(t) = 709*t + 92144. What is y(-130)?
-26
Let p(q) = q**3 + 37*q**2 + 127*q - 1. Calculate p(-4).
19
Let m(d) = -14*d**2 - 5789*d - 31427. What is m(-408)?
-11
Let k(s) = 8538*s - 76932. Calculate k(9).
-90
Let j(n) = 50*n + 3251. Give j(-65).
1
Let h(g) = -4*g**2 - 509*g + 28. Determine h(-125).
1153
Let d(u) = 6*u**2 - 362*u + 144. Calculate d(67).
2824
Let h(v) = -539*v - 4187. Give h(-7).
-414
Let n(r) = -r**3 - 33*r**2 + 1788*r - 571. Determine n(-62).
49
Let d(n) = 4*n**2 + 180*n - 797. Give d(-47).
-421
Let d(n) = -4487*n - 3612037. Calculate d(-805).
-2
Let l(i) = -i**3 + 3605*i**2 - 50273*i - 3. Give l(14).
11
Let n(g) = -5*g**3 - 208*g**2 - 335*g - 17438. What is n(-42)?
160
Let v(b) = -32*b**2 + 7525*b + 6334. Determine v(236).
-38
Let d(s) = s**3 - 15*s**2 - 152*s + 209. Calculate d(22).
253
Let h(i) = -36190*i**2 - 470474*i - 45. What is h(-13)?
7
Let i(m) = -169*m - 20022. What is i(-118)?
-80
Let o(q) = -1098*q - 8910. Give o(-8).
-126
Let h(v) = 27*v**3 + 510*v**2 + 510*v + 10759. What is h(-19)?
-14
Let h(k) = -511*k - 21825. What is h(-46)?
1681
Let f(k) = 3*k**2 + 14038*k + 56113. Determine f(-4).
9
Let i(w) = w**2 - 860*w + 24094. What is i(29)?
-5
Let g(o) = 6*o**3 - 96*o**2 + 205*o - 3316. Give g(16).
-36
Let z(l) = l**3 - 91*l**2 - 3944*l - 74. Calculate z(-32).
182
Let d(l) = -6897*l + 6810. What is d(1)?
-87
Let g(s) = s**2 + 144*s + 2977. What is g(-108)?
-911
Let x(u) = 13*u**2 + 1332*u - 7934. Calculate x(6).
526
Let n(o) = 182996*o - 39710132. What is n(217)?
0
Let n(z) = -2770*z + 196584. What is n(71)?
-86
Let b(f) = 264*f**2 - 1131*f - 2270. Give b(-2).
1048
Let s(o) = 173015*o + 346026. Determine s(-2).
-4
Let l(o) = -273*o + 39049. Calculate l(143).
10
Let h(o) = o**2 + 186*o + 8. Determine h(-192).
1160
Let w(f) = -2939*f + 40767. Giv